-ec1
In base 6, what is 3513 + -220122?
-212205
In base 14, what is -3 + 1bd4298a?
1bd42987
In base 9, what is 10567071 + -2?
10567068
In base 9, what is -2 - -2053265?
2053263
In base 9, what is 738 + -1128623?
-1127774
In base 10, what is 0 - -54321719?
54321719
In base 7, what is -326420401 + 0?
-326420401
In base 14, what is -5 - 427b53d?
-427b544
In base 16, what is -23 + -65b7c?
-65b9f
In base 12, what is 1124 + -1217?
-b3
In base 2, what is -1110100 + 101010110111110010?
101010110101111110
In base 3, what is -2210122011 + 1221?
-2210120020
In base 5, what is 3402022 - -31110?
3433132
In base 6, what is -3 - -14203150525?
14203150522
In base 2, what is 1001 + 100110100000110001110?
100110100000110010111
In base 13, what is 3 + -210c5c?
-210c59
In base 15, what is 1993e - 16a?
197c4
In base 5, what is 140 - -11021013?
11021203
In base 13, what is -c34754 + -2?
-c34756
In base 5, what is 22 - -4311431421?
4311431443
In base 4, what is 1323111 + -13222?
1303223
In base 11, what is -13851 - -957?
-129a5
In base 2, what is -1011101101 - 110100010?
-10010001111
In base 8, what is -455011 - -14?
-454775
In base 8, what is -154771 - 421?
-155412
In base 11, what is -138a46333 - 2?
-138a46335
In base 14, what is -8 - -24b287?
24b27d
In base 4, what is -10 - 32300303032?
-32300303102
In base 9, what is 3203146 - 0?
3203146
In base 5, what is 1444223241 + -13?
1444223223
In base 15, what is -b - 4153b?
-41547
In base 6, what is -1 + -134201134?
-134201135
In base 3, what is 0 + -20120002121212021?
-20120002121212021
In base 12, what is -774793b - 5?
-7747944
In base 7, what is 4062 - -5440253?
5444345
In base 7, what is -3425151 + 505?
-3424343
In base 5, what is -21410 - 112044?
-134004
In base 7, what is 0 + 55241324?
55241324
In base 7, what is -13 - 2444204?
-2444220
In base 16, what is 0 + -fbb40?
-fbb40
In base 6, what is 2344210302 + -5?
2344210253
In base 4, what is 11 + 121120120023?
121120120100
In base 13, what is -1493a - -303?
-14637
In base 11, what is 265829 + 104?
265932
In base 10, what is 6678 + -494?
6184
In base 7, what is 4156633 + 140?
4160103
In base 7, what is 1 - 430365?
-430364
In base 2, what is -11100110100110 + 1011111110?
-11011010101000
In base 7, what is 132245 - 46345?
52600
In base 12, what is -90 - 25104?
-25194
In base 12, what is -12326764 + -1?
-12326765
In base 8, what is 5 + 20175272?
20175277
In base 12, what is -34 - -601bb9?
601b85
In base 9, what is -72686312 - 3?
-72686315
In base 11, what is 0 - 1148535?
-1148535
In base 6, what is -3202 - -2411532?
2404330
In base 16, what is 16 + b7ed?
b803
In base 5, what is 404120003 - 131?
404114322
In base 11, what is 55a8098 + 3?
55a80a0
In base 10, what is -24853 - 1888?
-26741
In base 11, what is 10 - 37385756?
-37385746
In base 4, what is 331200302232 + -33?
331200302133
In base 5, what is -134120102 + -1123?
-134121230
In base 8, what is 106 + 74435?
74543
In base 11, what is 272 + 24497?
24759
In base 13, what is -5 + -5a82c2?
-5a82c7
In base 8, what is 1 + -7015655?
-7015654
In base 16, what is -999e - -297?
-9707
In base 13, what is b367a389 + 5?
b367a391
In base 7, what is 3 - 25115211?
-25115205
In base 12, what is 497 + -17b1?
-1316
In base 4, what is 122021122 - 223?
122020233
In base 8, what is 112 + 30011?
30123
In base 13, what is 4 + -427052?
-42704b
In base 6, what is -2440411 + -330?
-2441141
In base 13, what is -3 - 55421a?
-554220
In base 10, what is -86 - 1910?
-1996
In base 13, what is 5 + 7a46a5?
7a46aa
In base 5, what is 1020323 + 2120?
1022443
In base 8, what is -16223052 - 23?
-16223075
In base 14, what is 3 + 160c55?
160c58
In base 10, what is -3683 - -522?
-3161
In base 7, what is -231 + 162603?
162342
In base 13, what is -2687c4 - 670?
-269164
In base 6, what is -11 - 2415542040?
-2415542051
In base 8, what is 4 - 203215456?
-203215452
In base 16, what is 155 - 1365b2?
-13645d
In base 12, what is a26726 + 115?
a2683b
In base 4, what is -131301 + -212201?
-1010102
In base 14, what is 11c5dc - 7?
11c5d5
In base 8, what is -32 - 2513304?
-2513336
In base 5, what is -1031400000 + -104?
-1031400104
In base 3, what is 121010111 - 111222?
120121112
In base 10, what is 5 + 2202170?
2202175
In base 3, what is -1 - 2211120120002?
-2211120120010
In base 8, what is 112412 + 563?
113175
In base 3, what is 2220212110 + 100002110?
10020221220
In base 16, what is -6d22395 + -4?
-6d22399
In base 3, what is 22110 + -12002220011?
-12002120201
In base 16, what is 0 + -859adc?
-859adc
In base 4, what is 101213 + 3020?
110233
In base 5, what is 1212 + -44010?
-42243
In base 7, what is -125320613 - -1?
-125320612
In base 12, what is -370 - -2b895?
2b525
In base 14, what is -438 + 56bc?
5284
In base 6, what is -5 - -2052523424?
2052523415
In base 12, what is -1a574b1 + 2b?
-1a57482
In base 6, what is -2 - -334441520?
334441514
In base 16, what is 21e - -e2d?
104b
In base 15, what is -d86 - 4e3c?
-5cc3
In base 8, what is -366 + -201374?
-201762
In base 9, what is -175 + 62323?
62137
In base 15, what is 53c4 - 1e1?
51d3
In base 12, what is -136266 - 794?
-136a3a
In base 13, what is 4c2162 + 3?
4c2165
In base 2, what is -110000011100000100 + 100010?
-110000011011100010
In base 8, what is 4 + -34312254?
-34312250
In base 2, what is -11 + -101001011001111010110110?
-101001011001111010111001
In base 2, what is 10011000 + -1000011110101011?
-1000011100010011
In base 10, what is 0 - -9752597?
9752597
In base 9, what is -64813060 - 18?
-64813078
In base 13, what is 5191b01 + -3?
5191acb
In base 2, what is -101011101001010010001000010 - -1000?
-101011101001010010000111010
In base 8, what is -3561 + 10440?
4657
In base 2, what is 101 - 1010010110110011010110?
-1010010110110011010001
In base 14, what is -1b5cb0 - -160?
-1b5b50
In base 3, what is -20 - 2100220022220200?
-2100220022220220
In base 16, what is 1 + -83d13a?
-83d139
In base 14, what is 18580d + 401?
185c10
In base 2, what is -1001000110 + 100111011001101?
100110010000111
In base 4, what is 221033 + -122310?
32123
In base 2, what is -100 + 1011010000111011110010101111?
1011010000111011110010101011
In base 4, what is -122 + -1020332212210?
-1020332212332
In base 4, what is -103 - -1322200302223?
1322200302120
In base 2, what is 1010 - -10001111110001111110011?
10001111110001111111101
In base 5, what is 140414 + -1131?
134233
In base 8, what is -7450773163 - -5?
-7450773156
In base 5, what is 1 + 3242401034?
3242401040
In base 6, what is -5204 - 30212?
-35420
In base 11, what is -53585 - 291?
-53866
In base 5, what is 30 - -124111212?
124111242
In base 3, what is 0 + 121122202221201120?
121122202221201120
In base 14, what is 4901 - -341?
4c42
In base 14, what is 7c + 82?
120
In base 2, what is 101010010 + -1010110011011110?
-1010101110001100
In base 10, what is 153 + -76030?
-75877
In base 16, what is 3 + 459c6?
459c9
In base 7, what is 13363 + 122441?
136134
In base 14, what is -9 - -42574?
42569
In base 13, what is 51a9 - 181?
5028
In base 2, what is -1000010010 + -1000100110011110?
-1000101110110000
In base 6, what is -2140132 + 4?
-2140124
In base 4, what is 101310 + 30303223?
31011133
In base 6, what is 24 + -41232004?
-41231540
In base 4, what is 113 + -111012102123?
-111012102010
In base 10, what is -10868 - -1908?
-8960
In base 16, what is -110497 + f?
-110488
In base 14, what is a2 - -8711?
87b3
In base 6, what is -1 + -410112403?
-410112404
In base 4, what is 101301 - 202332310?
-202231003
In base 5, what is -10 - 1010123100?
-1010123110
In base 15, what is -126da5 + 3?
-126da2
In base 6, what is -5 - -11402401255?
11402401250
In base 6, what is -5 + -11002111003?
-11002111012
In base 9, what is -10778 + -6636?
-17525
In base 9, what is 275774 - -57?
275842
In base 9, what is -12077 + -54?
-12142
In base 6, what is -234215103 - 1?
-234215104
In base 10, what is -632987 - 1?
-632988
In base 5, what is -130031112 + -44?
-130031211
In base 3, what is -12 + -11220112221101?
-11220112221120
In base 6, what is -12511451112 - 3?
-12511451115
In base 6, what is 150 - -23130013?
23130203
In base 9, what is -31716500 + 5?
-31716484
In base 5, what is 234104320 + 104?
234104424
In base 4, what is -1031133 - 11302213?
-13000012
In base 8, what is -1255 + -147244?
-150521
In base 8, what is 31476073 - -5?
31476